{"id":45,"date":"2013-07-22T11:33:26","date_gmt":"2013-07-22T09:33:26","guid":{"rendered":"http:\/\/www.naturheilpraxis-ploeger.de\/?page_id=45"},"modified":"2022-02-26T17:04:15","modified_gmt":"2022-02-26T15:04:15","slug":"uber-mich","status":"publish","type":"page","link":"https:\/\/www.naturheilpraxis-ploeger.de\/?page_id=45","title":{"rendered":"\u00dcber mich"},"content":{"rendered":"<h5>Marie-Luise Pl\u00f6ger<\/h5>\n<p>Mutter von vier erwachsenen Kindern und Gro\u00dfmutter von drei Enkelkindern<br \/>\nHeilp\u00e4dagogin und Lehrerin f\u00fcr geistig\u00a0und k\u00f6rperlich behinderte Kinder<br \/>\nHeilpraktikerin mit eigener Naturheilpraxis\u00a0seit 2002<br \/>\nDiagnose und Beratung mit dem\u00a0Blutsteigbildverfahren im eigenen Labor nach Dr. med. W. Kaelin und Geerd Seelig<br \/>\nDozentin f\u00fcr Naturheilverfahren<br \/>\nGr\u00fcnderin des Wintergarten-Forum<\/p>\n<h6>Mitglied im BDH<\/h6>\n","protected":false},"excerpt":{"rendered":"<p>Marie-Luise Pl\u00f6ger Mutter von vier erwachsenen Kindern und Gro\u00dfmutter von drei Enkelkindern Heilp\u00e4dagogin und Lehrerin f\u00fcr geistig\u00a0und k\u00f6rperlich behinderte Kinder Heilpraktikerin mit eigener Naturheilpraxis\u00a0seit 2002 Diagnose und Beratung mit dem\u00a0Blutsteigbildverfahren im eigenen Labor nach Dr. med. W. Kaelin und Geerd Seelig Dozentin f\u00fcr Naturheilverfahren Gr\u00fcnderin des Wintergarten-Forum Mitglied im BDH<\/p>\n","protected":false},"author":1,"featured_media":0,"parent":0,"menu_order":5,"comment_status":"closed","ping_status":"closed","template":"","meta":{"footnotes":""},"class_list":["post-45","page","type-page","status-publish","hentry"],"_links":{"self":[{"href":"https:\/\/www.naturheilpraxis-ploeger.de\/index.php?rest_route=\/wp\/v2\/pages\/45","targetHints":{"allow":["GET"]}}],"collection":[{"href":"https:\/\/www.naturheilpraxis-ploeger.de\/index.php?rest_route=\/wp\/v2\/pages"}],"about":[{"href":"https:\/\/www.naturheilpraxis-ploeger.de\/index.php?rest_route=\/wp\/v2\/types\/page"}],"author":[{"embeddable":true,"href":"https:\/\/www.naturheilpraxis-ploeger.de\/index.php?rest_route=\/wp\/v2\/users\/1"}],"replies":[{"embeddable":true,"href":"https:\/\/www.naturheilpraxis-ploeger.de\/index.php?rest_route=%2Fwp%2Fv2%2Fcomments&post=45"}],"version-history":[{"count":7,"href":"https:\/\/www.naturheilpraxis-ploeger.de\/index.php?rest_route=\/wp\/v2\/pages\/45\/revisions"}],"predecessor-version":[{"id":329,"href":"https:\/\/www.naturheilpraxis-ploeger.de\/index.php?rest_route=\/wp\/v2\/pages\/45\/revisions\/329"}],"wp:attachment":[{"href":"https:\/\/www.naturheilpraxis-ploeger.de\/index.php?rest_route=%2Fwp%2Fv2%2Fmedia&parent=45"}],"curies":[{"name":"wp","href":"https:\/\/api.w.org\/{rel}","templated":true}]}}