{"id":241,"date":"2016-02-27T14:59:28","date_gmt":"2016-02-27T12:59:28","guid":{"rendered":"http:\/\/www.naturheilpraxis-ploeger.de\/?page_id=241"},"modified":"2022-02-26T17:02:43","modified_gmt":"2022-02-26T15:02:43","slug":"spagyrik","status":"publish","type":"page","link":"https:\/\/www.naturheilpraxis-ploeger.de\/?page_id=241","title":{"rendered":"Spagyrik"},"content":{"rendered":"<p>Aus der Sicht der Naturheilkunde ist Gesundheit ein Zustand, bei dem K\u00f6rper, Geist und Seele f\u00fcr sich und untereinander im Gleichgewicht sind.<\/p>\n<p>Das Wort Spagyrik bedeutet soviel wie trennen\/scheiden und vereinigen\/binden. Genauso wie der Mensch wird in der Spagyrik auch eine Pflanze in der Dreiheit von K\u00f6rper, Geist und Seele gesehen. Die einzelnen Teile, der Pflanzenk\u00f6rper, \u00e4therische \u00d6le und der Geist (ein aus der Pflanze gewonnener Alkohol) werden getrennt, durch bestimmte Vorg\u00e4nge gereinigt, energetisiert und wieder zusammen gef\u00fcgt.<\/p>\n<p>Die Spagyrik beschr\u00e4nkt sich nicht nur auf die Zubereitung von Pflanzen. Es gibt Verfahren nach denen auch Metalle und Mineralien aufbereitet und f\u00fcr den menschlichen K\u00f6rper aufgeschlossen werden.<\/p>\n<p>Die Prozesse der Selbstheilung und die F\u00e4higkeit zur Rege- neration des Organismus werden hierdurch unterst\u00fctzt und angeregt,der Mensch in der Diagnose und Therapie als Ganzheit gesehen.<\/p>\n<p>Die ganzheitliche Therapie der Spagyrik beachtet neben den organischen Erkrankungen auch die konstitutionellen Faktoren mit ihren individuellen Dispositionen und der m\u00f6glichen Unf\u00e4higkeit eines Organs Reize aufzunehmen und zu kompensieren. Die Therapie mit der Spagyrik ber\u00fccksichtigt dabei auch besonders die psychische Komponente.<\/p>\n<p>Disposition bedeutet, dass das schw\u00e4chste Organ bei starken Reizen krankhaft reagiert.<\/p>\n<p>In der spagyrischen Therapie werden in erster Linie die \u201eSchwachstellen\u201c durch die Zufuhr spezifischer Heilkr\u00e4fte so lange gest\u00e4rkt, bis sie im Idealfall wieder in der Lage sind ihre Aufgabe allein durch zu f\u00fchren.<\/p>\n<p>Spagyrische Mittel sind sanfte Kraft-Akkumulatoren mit modifizierter Heilkraft. Spagyrische Pr\u00e4parate eignen sich auch f\u00fcr vitalschwache, \u00e4ltere Patienten, S\u00e4uglinge, Kinder, z.B. auch bei Hyperaktivit\u00e4t und ADS-(Syndrom), und f\u00fcr Schwangere, eben f\u00fcr Jung und Alt. Sie ist hilfreich zur Begleitung bei Tumor- und Chemotherapie und gleichzeitig in dieser schwierigen Lebensphase ein Balsam f\u00fcr die Seele.<\/p>\n<p>Erstverschlimmerungen treten in der Regel nicht auf, bis auf bestimmte, bewusst ausgel\u00f6ste organische Entgiftungsreaktionen. Auch wirkt die Spagyrik als Bindeglied unterschiedlicher Therapierichtungen (z.B. Hom\u00f6opathie oder Allopathie).<\/p>\n","protected":false},"excerpt":{"rendered":"<p>Aus der Sicht der Naturheilkunde ist Gesundheit ein Zustand, bei dem K\u00f6rper, Geist und Seele f\u00fcr sich und untereinander im Gleichgewicht sind. Das Wort Spagyrik bedeutet soviel wie trennen\/scheiden und vereinigen\/binden. Genauso wie der Mensch wird in der Spagyrik auch eine Pflanze in der Dreiheit von K\u00f6rper, Geist und Seele gesehen. Die einzelnen Teile, der [&hellip;]<\/p>\n","protected":false},"author":1,"featured_media":0,"parent":0,"menu_order":0,"comment_status":"closed","ping_status":"closed","template":"","meta":{"footnotes":""},"class_list":["post-241","page","type-page","status-publish","hentry"],"_links":{"self":[{"href":"https:\/\/www.naturheilpraxis-ploeger.de\/index.php?rest_route=\/wp\/v2\/pages\/241","targetHints":{"allow":["GET"]}}],"collection":[{"href":"https:\/\/www.naturheilpraxis-ploeger.de\/index.php?rest_route=\/wp\/v2\/pages"}],"about":[{"href":"https:\/\/www.naturheilpraxis-ploeger.de\/index.php?rest_route=\/wp\/v2\/types\/page"}],"author":[{"embeddable":true,"href":"https:\/\/www.naturheilpraxis-ploeger.de\/index.php?rest_route=\/wp\/v2\/users\/1"}],"replies":[{"embeddable":true,"href":"https:\/\/www.naturheilpraxis-ploeger.de\/index.php?rest_route=%2Fwp%2Fv2%2Fcomments&post=241"}],"version-history":[{"count":3,"href":"https:\/\/www.naturheilpraxis-ploeger.de\/index.php?rest_route=\/wp\/v2\/pages\/241\/revisions"}],"predecessor-version":[{"id":327,"href":"https:\/\/www.naturheilpraxis-ploeger.de\/index.php?rest_route=\/wp\/v2\/pages\/241\/revisions\/327"}],"wp:attachment":[{"href":"https:\/\/www.naturheilpraxis-ploeger.de\/index.php?rest_route=%2Fwp%2Fv2%2Fmedia&parent=241"}],"curies":[{"name":"wp","href":"https:\/\/api.w.org\/{rel}","templated":true}]}}